{"id":295,"date":"2013-12-09T10:38:21","date_gmt":"2013-12-09T09:38:21","guid":{"rendered":"http:\/\/www.maracatu.de\/?page_id=295"},"modified":"2016-01-24T15:26:55","modified_gmt":"2016-01-24T14:26:55","slug":"entstehung-des-maracatus","status":"publish","type":"page","link":"https:\/\/www.maracatu.de\/?page_id=295","title":{"rendered":"Entstehung des Maracatus"},"content":{"rendered":"<p>Maracatu, ein wichtiger Teil der schwarzen Kultur in Brasilien, ist die Bezeichnung einer kulturellen und traditionellen Gemeinschaft der ehemaligen Sklaven Brasiliens.<br \/>\nIm Bestreben nach der eigenen ethnischen Identit\u00e4t (Woher kommen wir? Wie war es in unserer Heimat?) bildete sich in Recife, der Hauptstadt des Bundesstaates Pernambuco im Nordosten Brasiliens die ersten kleinen Gruppen, aus denen sp\u00e4ter die imagin\u00e4ren Nationen (Na\u00e7\u00e3o) entstanden.<\/p>\n<p>Bereits im 17. Jahrhundert entstanden die ersten Maracatu Nationen, die von Skaven aus dem Kongo \u00fcberwiegend vom Stamme der Yoruba Naga\u00f4 gebildet wurden. Sie schlossen sich zu einer Volk, einer Nation zusammen. Sie w\u00e4hlten und kr\u00f6nten ihre K\u00f6nigin und K\u00f6nig in der Sklavenkirche. Nach der Kr\u00f6nungszeremonie war es \u00fcblich, dass der ganze Hofstaat bestehend aus der Prinzessin und dem Prinzen, den Baronessen und Baronen, Herzoginnen und Herz\u00f6gen den obersten Hofdamen Dama do pa\u00e7o, die w\u00e4hrend des Umzugs die Puppen (Calungas) tragen; in einem Kr\u00f6nungsumzug durch die Stadt zogen. Der Botschafter, die Schirmtr\u00e4ger, Laternentr\u00e4ger, Lanzentr\u00e4ger sowie die Trommler und S\u00e4nger nehmen an dem Umzug teil. Prunkvolle, barocke Kost\u00fcme sowie die afrobrasilianischen Rhythmen und T\u00e4nze ergeben ein eindrucksvolles Bild. Aus den tiefen kraftvollen Basstrommeln der Batuqueiros erklingt der Pulsschlag, zu dem der ganze Umzug tanzt. Die Religion der afrikanischen Sklaven, Candombl\u00e9 genannt, ehrt die verstorbenen Ahnen und ruft sie zu sich. Trotz Verboten seitens der Missionare und Sklavenhalter praktizierten die Sklaven ihre Religion heimlich weiter. Die K\u00f6nigin, die auch das geistige Oberhaupt und oberste Priesterin des entsprechenden Candombl\u00e9 ist, erscheint im Umzug beim Maracatu als K\u00f6nigin verkleidet. Sie h\u00fcllten auch ihre Gottheiten (Orix\u00e1s) in europ\u00e4ische Gew\u00e4nder und gaben ihnen Namen katholischer Heiliger und schafften es so, an ihrer Religion und ihren Br\u00e4uchen festzuhalten. Die heiligen G\u00f6tterpuppen, die Calungas, sind bis heute ein wichtiger Bestandteil des Maracatu Umzuges. Ein wichtiger Moment im Maracatu ist die &#8222;Nacht der schweigenden Trommeln&#8220; (noite dos tambores silenciosos). Maracatu Veranstaltungen erhielten zunehmend Einfluss aus afrobrasilianischen Glaubensbewegungen, in denen afrikanische G\u00f6tter im Mittelpunkt stehen.<\/p>\n<p>Ende des 19. Jahrhunderts wurde Maracatu verboten; die Musik und Feiern wurden aus Angst vor Aufst\u00e4nden vom Staat verfolgt. Der Maracatu wurde allerdings illegal im Untergrund weiter gelebt. \u00d6ffentlich trat der Maracatu erst getarnt als Folkloreverein zum Karneval auf, damit ihre wichtigen religi\u00f6sen Hintergr\u00fcnde verborgen blieben. In Brasilien ist de Maracatu bis heute ein kraftvolle, spirituelle Vereinigung.<\/p>\n","protected":false},"excerpt":{"rendered":"<p>Maracatu, ein wichtiger Teil der schwarzen Kultur in Brasilien, ist die Bezeichnung einer kulturellen und traditionellen Gemeinschaft der ehemaligen Sklaven Brasiliens. Im Bestreben nach der eigenen ethnischen Identit\u00e4t (Woher kommen wir? Wie war es in unserer Heimat?) bildete sich in Recife, der Hauptstadt des Bundesstaates Pernambuco im Nordosten Brasiliens die ersten kleinen Gruppen, aus denen &hellip; <a href=\"https:\/\/www.maracatu.de\/?page_id=295\" class=\"more-link\"><span class=\"screen-reader-text\">Entstehung des Maracatus<\/span> weiterlesen <span class=\"meta-nav\">&rarr;<\/span><\/a><\/p>\n","protected":false},"author":1,"featured_media":0,"parent":0,"menu_order":0,"comment_status":"closed","ping_status":"closed","template":"","meta":{"ngg_post_thumbnail":0,"footnotes":""},"class_list":["post-295","page","type-page","status-publish","hentry"],"_links":{"self":[{"href":"https:\/\/www.maracatu.de\/index.php?rest_route=\/wp\/v2\/pages\/295","targetHints":{"allow":["GET"]}}],"collection":[{"href":"https:\/\/www.maracatu.de\/index.php?rest_route=\/wp\/v2\/pages"}],"about":[{"href":"https:\/\/www.maracatu.de\/index.php?rest_route=\/wp\/v2\/types\/page"}],"author":[{"embeddable":true,"href":"https:\/\/www.maracatu.de\/index.php?rest_route=\/wp\/v2\/users\/1"}],"replies":[{"embeddable":true,"href":"https:\/\/www.maracatu.de\/index.php?rest_route=%2Fwp%2Fv2%2Fcomments&post=295"}],"version-history":[{"count":4,"href":"https:\/\/www.maracatu.de\/index.php?rest_route=\/wp\/v2\/pages\/295\/revisions"}],"predecessor-version":[{"id":913,"href":"https:\/\/www.maracatu.de\/index.php?rest_route=\/wp\/v2\/pages\/295\/revisions\/913"}],"wp:attachment":[{"href":"https:\/\/www.maracatu.de\/index.php?rest_route=%2Fwp%2Fv2%2Fmedia&parent=295"}],"curies":[{"name":"wp","href":"https:\/\/api.w.org\/{rel}","templated":true}]}}