{"id":304,"date":"2013-12-09T10:52:59","date_gmt":"2013-12-09T09:52:59","guid":{"rendered":"http:\/\/www.maracatu.de\/?page_id=304"},"modified":"2016-04-08T21:18:25","modified_gmt":"2016-04-08T19:18:25","slug":"praesideum","status":"publish","type":"page","link":"https:\/\/www.maracatu.de\/?page_id=304","title":{"rendered":"Unser Pr\u00e4sidium und unser K\u00f6nigspaar"},"content":{"rendered":"<p><strong>Unser Pr\u00e4sidium besteht aus:<\/strong><\/p>\n<h5><img loading=\"lazy\" decoding=\"async\" class=\"alignleft wp-image-976\" src=\"https:\/\/www.maracatu.de\/wp-content\/uploads\/2016\/01\/Dirkneu-300x257.jpg\" alt=\"Dirkneu\" width=\"260\" height=\"223\" srcset=\"https:\/\/www.maracatu.de\/wp-content\/uploads\/2016\/01\/Dirkneu-300x257.jpg 300w, https:\/\/www.maracatu.de\/wp-content\/uploads\/2016\/01\/Dirkneu.jpg 567w\" sizes=\"auto, (max-width: 260px) 100vw, 260px\" \/>Dirk Iwen<\/h5>\n<p>Unser Pr\u00e4sident seit Juli 2005. Seit der Gr\u00fcndung unser &#8222;Mestre do Baque&#8220;.<br \/>\nDirk Iwen. Diplom- Schlagzeuger und Diplom- Musiklehrer.<\/p>\n<p>Als Musiker t\u00e4tig in zahlreichen Kulturorchestern Deutschlands: Hamburgische Staatsoper, Hamburger Symphoniker, Klassik Philharmonie, Neubrandenburger Philharmonie, Philharmonie der Nationen unter Justus Franz.Verschiedene Musicalproduktionen geh\u00f6ren zu seinem Bet\u00e4tigungsfeld: &#8222;Phantom der Oper&#8220;, &#8222;Cats&#8220;, &#8222;Mozart&#8220;, &#8222;Titanic&#8220;, &#8222;Mamma Mia&#8220;, &#8222;Ich war noch niemals in New York&#8220;, &#8222;Tarzan&#8220;, &#8222;Sister Act&#8220;.<\/p>\n<p>In der Popularmusik hat er mit zahlreichen Bands und Interpreten zusammen gearbeitet: &#8222;Monrose&#8220;, &#8222;No Angels&#8220;, Heinz- Rudolf- Kunze, Vince Barth (&#8222;Mordballaden&#8220;), Gitte Haenning, Wencke Myhre und Siw Malmkvist.<\/p>\n<p>Lehrt\u00e4tigkeit an der Staatlichen Jugendmusikschule Hamburg, am Institut f\u00fcr Fitnessp\u00e4dagogik und in der Haftanstalt Han\u00f6fersand.<\/p>\n<p>Rundfunk- und CD- Aufnahmen sowie TV &#8211; Auftritte dokumentieren seinen musikalischen Weg. W\u00e4hrend der Tourneen durch verschiedene L\u00e4nder und Kontinente (Brasilien, USA, China, Russland, Italien, Frankreich ua.) besch\u00e4ftigte er sich intensiv mit den Rhythmen anderer Kulturen.<\/p>\n<p>Dirk ist verantwortlich f\u00fcr alle Auftritte und Auftrittsanfragen.<br \/>\nTel. 0179 593 20 19 und 840 60 52<br \/>\nmaracatunse(at)gmx.de<\/p>\n<h3><strong>\u00a0<\/strong><\/h3>\n<h5><a href=\"https:\/\/www.maracatu.de\/wp-content\/uploads\/2016\/01\/Joaquim2.jpg\"><img loading=\"lazy\" decoding=\"async\" class=\" size-medium wp-image-926 alignleft\" src=\"https:\/\/www.maracatu.de\/wp-content\/uploads\/2016\/01\/Joaquim2-200x300.jpg\" alt=\"Joaquim2\" width=\"200\" height=\"300\" srcset=\"https:\/\/www.maracatu.de\/wp-content\/uploads\/2016\/01\/Joaquim2-200x300.jpg 200w, https:\/\/www.maracatu.de\/wp-content\/uploads\/2016\/01\/Joaquim2.jpg 474w\" sizes=\"auto, (max-width: 200px) 100vw, 200px\" \/><\/a>Joaquim Rodrigues da Silva J\u00fanior<\/h5>\n<p>der \u201eProfessor de dan\u00e7a\u201c, arbeitet seit dem Jahr 2000 als Choreograph f\u00fcr den Maracatu.<\/p>\n<p>Ausbildung \u201eMusik, Tanz, Folklore\u201c an der Universit\u00e4t Piau\u00ed\/Brasilien, Ausbildung Frevo und Samba in Brasilia. Seit 1999 als freier T\u00e4nzer und Tanzlehrer in Hamburg. Kooperation mit verschiedenen Tanzgruppen u.a. \u201eSalsa-Merenge\u201c, Kurse in Tanz- und Volkshochschulen, Sportvereinen, in Kulturl\u00e4den und an der Universit\u00e4t Hamburg.<\/p>\n<p>Inzwischen lebt der ganze Maracatu von Joaquims ausgelassener Freude am Tanzen und l\u00e4sst sich ansteckend von der fr\u00f6hlichen Art, mit der Joaquim alle begeistern kann.<\/p>\n<p>Tel. 0177 54 55 094<br \/>\nmaracatunse(at)gmx.de<\/p>\n<h3><strong>\u00a0<\/strong><\/h3>\n<h5><a href=\"https:\/\/www.maracatu.de\/wp-content\/uploads\/Personen\/Sylvia.jpg\"><img loading=\"lazy\" decoding=\"async\" class=\" wp-image-307 alignleft\" src=\"https:\/\/www.maracatu.de\/wp-content\/uploads\/Personen\/Sylvia-199x300.jpg\" alt=\"Sylvia\" width=\"199\" height=\"300\" srcset=\"https:\/\/www.maracatu.de\/wp-content\/uploads\/Personen\/Sylvia-199x300.jpg 199w, https:\/\/www.maracatu.de\/wp-content\/uploads\/Personen\/Sylvia.jpg 353w\" sizes=\"auto, (max-width: 199px) 100vw, 199px\" \/><\/a>Sylvia Scheper<\/h5>\n<p>k\u00fcmmert sich als Stellvertreterin um alle Fragen rund um Proben und Auftritte sowie um die Vergabe der Kost\u00fcme und ist verantwortlich f\u00fcr alle organisatorischen Fragen.<\/p>\n<p>Ansprechpartnerin f\u00fcr die \u00d6ffentlichkeitsarbeit von Maracatu, Mitgliedschaften und Presseanfragen.<br \/>\nSylvia arbeitet als kaufm\u00e4nnische Angestellte im Schiffsmaklerverband.<\/p>\n<p>Sylvia Scheper ist Ansprechpartnerin f\u00fcr Mitgliedschaften und die \u00d6ffentlichkeitsarbeit und ist zusammen mit Joaquim f\u00fcr die Vergabe der Kost\u00fcme verantwortlich.<\/p>\n<p>Tel. 0172 45 79 79 8 und tags\u00fcber 32 60 82<br \/>\nmaracatunse(at)gmx.de<\/p>\n<p>&nbsp;<\/p>\n<p><strong>unser K\u00f6nigspaar<br \/>\n<\/strong><\/p>\n<h5><a href=\"https:\/\/www.maracatu.de\/wp-content\/uploads\/2016\/01\/image1.jpg\"><img loading=\"lazy\" decoding=\"async\" class=\" wp-image-605 size-medium alignright\" src=\"https:\/\/www.maracatu.de\/wp-content\/uploads\/2016\/01\/image1-300x277.jpg\" alt=\"\" width=\"300\" height=\"277\" srcset=\"https:\/\/www.maracatu.de\/wp-content\/uploads\/2016\/01\/image1-300x277.jpg 300w, https:\/\/www.maracatu.de\/wp-content\/uploads\/2016\/01\/image1-1024x946.jpg 1024w, https:\/\/www.maracatu.de\/wp-content\/uploads\/2016\/01\/image1.jpg 2048w\" sizes=\"auto, (max-width: 300px) 100vw, 300px\" \/><\/a>Angela Klindtberg<\/h5>\n<p>MARACATU K\u00f6nigin seit 1994<\/p>\n<p>Angela beging am 16. Juni 2014 ihr 20j\u00e4hriges &#8222;Maracatu-Jubil\u00e4um&#8220;, damit geh\u00f6rt sie zu einem der wenigen Gr\u00fcndungsmitgliedern bei uns. Angela kommt aus Rio de Janeiro, sie lebt seit \u00fcber 35 Jahren in Hamburg und kannte anfangs nur wenige Brasilianer in Hamburg. 1987 machte Angela in der Kirche die Bekanntschaft mit dem Brasilianer Jader de Alemao Cysneiros, dem Gr\u00fcnder unseres MARACATU &#8222;Nation Stern der Elbe&#8220;. Damit begann eine langj\u00e4hrige Freundschaft, die bis heute anh\u00e4lt. Jader erz\u00e4hlte ihr davon, einen MARACATU in Hamburg zu gr\u00fcnden und neugierig geworden, nahm Angela Jaders Einladung an.<\/p>\n<p>Schon in ihrer Jugendzeit in Rio hat Angela in Sambaschulen in Rio mitgetanzt. Die Probe war allerdings nicht so, wie Angela es sich vorgestellt hatte oder von den Sambaschulen in Rio kannte, doch es war Musik und Tanz aus ihrer Heimat, die sie begeisterte. Der rhythmische Klang der Trommeln bracht Angela automatisch zum Tanzen.<\/p>\n<p>Die Gruppe war anfangs noch relativ klein und Angela versprach, weiter zu den Proben zu kommen. Auch Angelas T\u00f6chter Daniela und Claudia tanzten schon fr\u00fch als Baianas beim MARACATU und Angela brachte immer neue Freunde mit, so auch Iolanda und Fred, die viel Freude mit MARACATU hatten.<\/p>\n<p>Seit 1994 durfte Angela die Rolle der K\u00f6nigin spielen. Das erste Kleid das sie trug, war geliehen und entsprach nicht ganz dem, was die K\u00f6nigin eines MARACATU in Brasilien trug. Doch aller Anfang war schwer. Mit den Jahren hat Angela ihre K\u00f6niginnenkost\u00fcme selbst skizziert, entworfen und n\u00e4hen lassen. Die Verzierungen und Applikationen ihres pr\u00e4chtigen Kost\u00fcms werden auch heute noch zum gr\u00f6\u00dften Teil in eigener Handarbeit hergestellt und aufgen\u00e4ht. So entstanden in der Zeit sechs Kost\u00fcme.<\/p>\n<p>Nach R\u00fcckkehr der ersten MARACATU Reise nach Recife begann Angela mit der j\u00e4hrlichen spirituellen Reinigungszeremonie. Dies ist seither fester Bestandteil unseres MARACATU &#8222;Nation Stern der Elbe&#8220;, die viele unserer Mitglieder als gro\u00dfartige Bereicherung empfinden, die sie nicht missen m\u00f6chten. Angela ist gl\u00fccklich, bereits seit 22 Jahren zu unserer Nation zu geh\u00f6ren und w\u00fcnscht sich, dass sie die Kraft, die sie aus dem MARACATU erf\u00e4hrt, noch viele Jahre erleben darf. Einen ganz besonderen Dank an Jader und an ihre T\u00f6chter Daniela und Claudia, die gleichfalls dem MARACATU angeh\u00f6ren. Angela w\u00fcnscht unserer Nation weiterhin so viel Erfolg und m\u00f6chte allen danken, die zu diesem Erfolg beigetragen haben.<\/p>\n<h5><strong>\u00a0<img loading=\"lazy\" decoding=\"async\" class=\" wp-image-982 alignleft\" src=\"https:\/\/www.maracatu.de\/wp-content\/uploads\/2016\/01\/MAx-300x300.jpg\" alt=\"MAx\" width=\"260\" height=\"260\" srcset=\"https:\/\/www.maracatu.de\/wp-content\/uploads\/2016\/01\/MAx-300x300.jpg 300w, https:\/\/www.maracatu.de\/wp-content\/uploads\/2016\/01\/MAx-150x150.jpg 150w, https:\/\/www.maracatu.de\/wp-content\/uploads\/2016\/01\/MAx.jpg 850w\" sizes=\"auto, (max-width: 260px) 100vw, 260px\" \/><\/strong>Max Pahlke<\/h5>\n<p>Am 14. April 2013 trat unser neuer MARACATU K\u00f6nig \u201eDom Max I\u201c anl\u00e4sslich eines Auftritts im Miralles Saal der Staatlichen Jugendmusikschule Hamburg erstmals als unser neuer MARACATU K\u00f6nig auf.<\/p>\n<p>Die Kr\u00f6nungszeremonie f\u00fcr Dom Max l wurde im Mai 2013 auf der MARACATU &#8211; Klassenreise nach Scharbeutz in einem kleinen Kreise gefeiert.<\/p>\n<p>Der MARACATU pr\u00e4sentierte sich damit zum 20j\u00e4hrigen Jubil\u00e4um mit einem neuen K\u00f6nig.<\/p>\n<p>Max ist schon seit vielen Jahren engagiertes MARACATU-Mitglied und aus der Gruppe nicht mehr weg zu denken. Mit gro\u00dfer Freude spielt er schon immer die Ganz\u00e1, k\u00fcmmert sich um die Reparatur der Instrumente und versorgt uns mit eigenh\u00e4ndig gefertigten Maracatu Sticks.<\/p>\n<p>Die Nation ist stolz auf das neue K\u00f6nigspaar Angela &amp; Max.<\/p>\n","protected":false},"excerpt":{"rendered":"<p>Unser Pr\u00e4sidium besteht aus: Dirk Iwen Unser Pr\u00e4sident seit Juli 2005. Seit der Gr\u00fcndung unser &#8222;Mestre do Baque&#8220;. Dirk Iwen. Diplom- Schlagzeuger und Diplom- Musiklehrer. Als Musiker t\u00e4tig in zahlreichen Kulturorchestern Deutschlands: Hamburgische Staatsoper, Hamburger Symphoniker, Klassik Philharmonie, Neubrandenburger Philharmonie, Philharmonie der Nationen unter Justus Franz.Verschiedene Musicalproduktionen geh\u00f6ren zu seinem Bet\u00e4tigungsfeld: &#8222;Phantom der Oper&#8220;, &#8222;Cats&#8220;, &hellip; <a href=\"https:\/\/www.maracatu.de\/?page_id=304\" class=\"more-link\"><span class=\"screen-reader-text\">Unser Pr\u00e4sidium und unser K\u00f6nigspaar<\/span> weiterlesen <span class=\"meta-nav\">&rarr;<\/span><\/a><\/p>\n","protected":false},"author":1,"featured_media":0,"parent":0,"menu_order":0,"comment_status":"closed","ping_status":"closed","template":"","meta":{"ngg_post_thumbnail":0,"footnotes":""},"class_list":["post-304","page","type-page","status-publish","hentry"],"_links":{"self":[{"href":"https:\/\/www.maracatu.de\/index.php?rest_route=\/wp\/v2\/pages\/304","targetHints":{"allow":["GET"]}}],"collection":[{"href":"https:\/\/www.maracatu.de\/index.php?rest_route=\/wp\/v2\/pages"}],"about":[{"href":"https:\/\/www.maracatu.de\/index.php?rest_route=\/wp\/v2\/types\/page"}],"author":[{"embeddable":true,"href":"https:\/\/www.maracatu.de\/index.php?rest_route=\/wp\/v2\/users\/1"}],"replies":[{"embeddable":true,"href":"https:\/\/www.maracatu.de\/index.php?rest_route=%2Fwp%2Fv2%2Fcomments&post=304"}],"version-history":[{"count":22,"href":"https:\/\/www.maracatu.de\/index.php?rest_route=\/wp\/v2\/pages\/304\/revisions"}],"predecessor-version":[{"id":3710,"href":"https:\/\/www.maracatu.de\/index.php?rest_route=\/wp\/v2\/pages\/304\/revisions\/3710"}],"wp:attachment":[{"href":"https:\/\/www.maracatu.de\/index.php?rest_route=%2Fwp%2Fv2%2Fmedia&parent=304"}],"curies":[{"name":"wp","href":"https:\/\/api.w.org\/{rel}","templated":true}]}}