{"id":491,"date":"2015-11-08T21:42:18","date_gmt":"2015-11-08T20:42:18","guid":{"rendered":"http:\/\/www.maracatu.de\/?page_id=491"},"modified":"2016-04-08T23:28:13","modified_gmt":"2016-04-08T21:28:13","slug":"familie","status":"publish","type":"page","link":"https:\/\/www.maracatu.de\/?page_id=491","title":{"rendered":"Unsere Familie"},"content":{"rendered":"<p><img loading=\"lazy\" decoding=\"async\" class=\"aligncenter wp-image-901\" src=\"https:\/\/www.maracatu.de\/wp-content\/uploads\/2016\/01\/KinderbildniklaaszylmannschSonnenweg-300x211.jpg\" alt=\"KinderbildniklaaszylmannschSonnenweg\" width=\"426\" height=\"300\" srcset=\"https:\/\/www.maracatu.de\/wp-content\/uploads\/2016\/01\/KinderbildniklaaszylmannschSonnenweg-300x211.jpg 300w, https:\/\/www.maracatu.de\/wp-content\/uploads\/2016\/01\/KinderbildniklaaszylmannschSonnenweg.jpg 567w\" sizes=\"auto, (max-width: 426px) 100vw, 426px\" \/><\/p>\n<p>Maracatu Nation Stern der Elbe wird getragen durch ein Netz aus Menschen, Gruppen und Organisationen in dem wir wunderbar\u00a0aufgehoben\u00a0sind.<\/p>\n<p>Unser starkes Fundament finden wir\u00a0als Teil der staatlichen Jugendmusikschule Hamburg, die wir auch gerne liebevoll unser &#8222;Mutterschiff&#8220; nennen. Zudem gibt\u00a0es unseren Verein Freundeskreis Maracatu Hamburg e.V., der uns bei gr\u00f6\u00dferen Events unterst\u00fctzt, die ansonsten finanziell schwer zu wuppen sind und uns so Dinge erm\u00f6glicht, die sonst vielleicht nicht zu realisieren\u00a0w\u00e4ren. Und dann gibt es noch die unz\u00e4hligen Menschen und Gruppen, deren Energien uns begleiten, sei es indem sie wundersch\u00f6ne Fotos machen, Kleider n\u00e4hen, als Schirmtr\u00e4ger mit uns tanzen, die uns bei Umz\u00fcgen mit Wasser versorgen, die uns einfach nur Ihre Begeisterung schenken oder von denen wir uns inspirieren und begeistern lassen.<\/p>\n<p>Eine richtige Familie eben.<\/p>\n<p><span style=\"text-decoration: underline;\"><a title=\"Jugendmusikschule Hamburg\" href=\"https:\/\/www.maracatu.de\/?page_id=180\">Staatliche Jugendmusikschule Hamburg<\/a>\u00a0<\/span><br \/>\n<span style=\"text-decoration: underline;\"><a title=\"MARACATU Hamburg e.V.\" href=\"https:\/\/www.maracatu.de\/?page_id=182\">Freundeskreis MARACATU Hamburg e.V.<\/a>\u00a0<\/span><br \/>\n<span style=\"text-decoration: underline;\"><a title=\"Links und Freunde\" href=\"https:\/\/www.maracatu.de\/?page_id=279\">Links und Freunde<\/a>\u00a0<\/span><br \/>\n<span style=\"text-decoration: underline;\"><br \/>\n<\/span><\/p>\n","protected":false},"excerpt":{"rendered":"<p>Maracatu Nation Stern der Elbe wird getragen durch ein Netz aus Menschen, Gruppen und Organisationen in dem wir wunderbar\u00a0aufgehoben\u00a0sind. Unser starkes Fundament finden wir\u00a0als Teil der staatlichen Jugendmusikschule Hamburg, die wir auch gerne liebevoll unser &#8222;Mutterschiff&#8220; nennen. Zudem gibt\u00a0es unseren Verein Freundeskreis Maracatu Hamburg e.V., der uns bei gr\u00f6\u00dferen Events unterst\u00fctzt, die ansonsten finanziell schwer &hellip; <a href=\"https:\/\/www.maracatu.de\/?page_id=491\" class=\"more-link\"><span class=\"screen-reader-text\">Unsere Familie<\/span> weiterlesen <span class=\"meta-nav\">&rarr;<\/span><\/a><\/p>\n","protected":false},"author":1,"featured_media":0,"parent":0,"menu_order":0,"comment_status":"closed","ping_status":"closed","template":"","meta":{"ngg_post_thumbnail":0,"footnotes":""},"class_list":["post-491","page","type-page","status-publish","hentry"],"_links":{"self":[{"href":"https:\/\/www.maracatu.de\/index.php?rest_route=\/wp\/v2\/pages\/491","targetHints":{"allow":["GET"]}}],"collection":[{"href":"https:\/\/www.maracatu.de\/index.php?rest_route=\/wp\/v2\/pages"}],"about":[{"href":"https:\/\/www.maracatu.de\/index.php?rest_route=\/wp\/v2\/types\/page"}],"author":[{"embeddable":true,"href":"https:\/\/www.maracatu.de\/index.php?rest_route=\/wp\/v2\/users\/1"}],"replies":[{"embeddable":true,"href":"https:\/\/www.maracatu.de\/index.php?rest_route=%2Fwp%2Fv2%2Fcomments&post=491"}],"version-history":[{"count":22,"href":"https:\/\/www.maracatu.de\/index.php?rest_route=\/wp\/v2\/pages\/491\/revisions"}],"predecessor-version":[{"id":3729,"href":"https:\/\/www.maracatu.de\/index.php?rest_route=\/wp\/v2\/pages\/491\/revisions\/3729"}],"wp:attachment":[{"href":"https:\/\/www.maracatu.de\/index.php?rest_route=%2Fwp%2Fv2%2Fmedia&parent=491"}],"curies":[{"name":"wp","href":"https:\/\/api.w.org\/{rel}","templated":true}]}}