{"id":497,"date":"2015-11-08T21:48:55","date_gmt":"2015-11-08T20:48:55","guid":{"rendered":"http:\/\/www.maracatu.de\/?page_id=497"},"modified":"2023-05-07T21:39:23","modified_gmt":"2023-05-07T19:39:23","slug":"presse","status":"publish","type":"page","link":"https:\/\/www.maracatu.de\/?page_id=497","title":{"rendered":"Presse"},"content":{"rendered":"<p><strong>&#8230;.zum St\u00f6bern und Weiterlesen einfach auf die Bildchen klicken&#8230;<\/strong><\/p>\n<p>&nbsp;<\/p>\n<p><strong><a href=\"https:\/\/www.maracatu.de\/wp-content\/uploads\/BremerKarneval2923_Abendblatt.jpg\" target=\"_blank\" rel=\"noopener\"><img loading=\"lazy\" decoding=\"async\" class=\"alignleft wp-image-7493\" src=\"https:\/\/www.maracatu.de\/wp-content\/uploads\/BremerKarneval2923_Abendblatt-232x300.jpg\" alt=\"\" width=\"110\" height=\"143\" srcset=\"https:\/\/www.maracatu.de\/wp-content\/uploads\/BremerKarneval2923_Abendblatt-232x300.jpg 232w, https:\/\/www.maracatu.de\/wp-content\/uploads\/BremerKarneval2923_Abendblatt-791x1024.jpg 791w, https:\/\/www.maracatu.de\/wp-content\/uploads\/BremerKarneval2923_Abendblatt-1187x1536.jpg 1187w, https:\/\/www.maracatu.de\/wp-content\/uploads\/BremerKarneval2923_Abendblatt.jpg 1275w\" sizes=\"auto, (max-width: 110px) 100vw, 110px\" \/><\/a>22.04.2023 &#8211; Bremer Karneval<\/strong><\/p>\n<p>Hamburger Abendblatt: &#8222;Samba-Karneval l\u00e4sst Ostertor-Viertel staunen&#8220;<\/p>\n<p>&nbsp;<\/p>\n<p>&nbsp;<\/p>\n<p><a href=\"https:\/\/www.maracatu.de\/wp-content\/uploads\/2016\/01\/2012_06FestdNationen2.jpg\" target=\"_blank\" rel=\"noopener\"><img loading=\"lazy\" decoding=\"async\" class=\"alignleft wp-image-677\" src=\"https:\/\/www.maracatu.de\/wp-content\/uploads\/2016\/01\/2012_06FestdNationen2-150x150.jpg\" alt=\"2012_06FestdNationen2\" width=\"100\" height=\"75\" srcset=\"https:\/\/www.maracatu.de\/wp-content\/uploads\/2016\/01\/2012_06FestdNationen2-300x226.jpg 300w, https:\/\/www.maracatu.de\/wp-content\/uploads\/2016\/01\/2012_06FestdNationen2.jpg 709w\" sizes=\"auto, (max-width: 100px) 100vw, 100px\" \/><\/a><strong>02.06.2012 Fest der Nationen &#8211; 18 Jahre Lionsclub in Wahlstedt<\/strong><\/p>\n<p>Segeberger Zeitung: &#8222;Viel Exotik beim 17. Fest der Nationen in Wahlstedt&#8230;&#8220;<\/p>\n<p>&nbsp;<\/p>\n<p><a href=\"https:\/\/www.maracatu.de\/wp-content\/uploads\/2016\/01\/2011BadWildungen.jpg\" target=\"_blank\" rel=\"noopener\"><img loading=\"lazy\" decoding=\"async\" class=\"alignleft wp-image-676\" src=\"https:\/\/www.maracatu.de\/wp-content\/uploads\/2016\/01\/2011BadWildungen-219x300.jpg\" alt=\"2011BadWildungen\" width=\"73\" height=\"100\" srcset=\"https:\/\/www.maracatu.de\/wp-content\/uploads\/2016\/01\/2011BadWildungen-219x300.jpg 219w, https:\/\/www.maracatu.de\/wp-content\/uploads\/2016\/01\/2011BadWildungen.jpg 567w\" sizes=\"auto, (max-width: 73px) 100vw, 73px\" \/><\/a><strong>August 2011 &#8211; 6. Samba Festival Bad Wildungen<\/strong><\/p>\n<p>&#8222;Rhythmus und Lebensfreude&#8230;&#8220;<\/p>\n<p>&nbsp;<\/p>\n<p><a href=\"https:\/\/www.maracatu.de\/wp-content\/uploads\/2016\/01\/2010_48hwilhelmsb.jpg\" target=\"_blank\" rel=\"noopener\"><img loading=\"lazy\" decoding=\"async\" class=\"alignleft wp-image-675\" src=\"https:\/\/www.maracatu.de\/wp-content\/uploads\/2016\/01\/2010_48hwilhelmsb-300x223.jpg\" alt=\"2010_48hwilhelmsb\" width=\"100\" height=\"74\" srcset=\"https:\/\/www.maracatu.de\/wp-content\/uploads\/2016\/01\/2010_48hwilhelmsb-300x223.jpg 300w, https:\/\/www.maracatu.de\/wp-content\/uploads\/2016\/01\/2010_48hwilhelmsb.jpg 794w\" sizes=\"auto, (max-width: 100px) 100vw, 100px\" \/><\/a><strong>21.06.2010 &#8222;48 Stunden Musikfestival&#8220; in Wilhemlsburg<\/strong><\/p>\n<p>Hamburger Abendblatt: &#8222;Gro\u00dfe Parade auf den Elbinseln&#8230;&#8220;<\/p>\n<p>&nbsp;<\/p>\n<p><a href=\"https:\/\/www.maracatu.de\/wp-content\/uploads\/2016\/01\/2009NordersteZeitu26u27Sept_Movimento_kl.jpg\" target=\"_blank\" rel=\"noopener\"><img loading=\"lazy\" decoding=\"async\" class=\"alignleft wp-image-673\" src=\"https:\/\/www.maracatu.de\/wp-content\/uploads\/2016\/01\/2009NordersteZeitu26u27Sept_Movimento_kl-190x300.jpg\" alt=\"2009NordersteZeitu26u27Sept_Movimento_kl\" width=\"63\" height=\"100\" srcset=\"https:\/\/www.maracatu.de\/wp-content\/uploads\/2016\/01\/2009NordersteZeitu26u27Sept_Movimento_kl-190x300.jpg 190w, https:\/\/www.maracatu.de\/wp-content\/uploads\/2016\/01\/2009NordersteZeitu26u27Sept_Movimento_kl.jpg 567w\" sizes=\"auto, (max-width: 63px) 100vw, 63px\" \/><\/a><strong>20.09.2009 Movimento in Norderstedt<\/strong><\/p>\n<p>Norderstedter Zeitung: &#8222;Riesenerfolg &#8211; Stra\u00dfenfest wird 2010 wiederholt&#8230;&#8220;<\/p>\n<p>&nbsp;<\/p>\n<p><a href=\"https:\/\/www.maracatu.de\/wp-content\/uploads\/2016\/01\/2009TagdMusik.jpg\" target=\"_blank\" rel=\"noopener\"><img loading=\"lazy\" decoding=\"async\" class=\"alignleft wp-image-674\" src=\"https:\/\/www.maracatu.de\/wp-content\/uploads\/2016\/01\/2009TagdMusik-155x300.jpg\" alt=\"2009TagdMusik\" width=\"52\" height=\"100\" srcset=\"https:\/\/www.maracatu.de\/wp-content\/uploads\/2016\/01\/2009TagdMusik-155x300.jpg 155w, https:\/\/www.maracatu.de\/wp-content\/uploads\/2016\/01\/2009TagdMusik-528x1024.jpg 528w, https:\/\/www.maracatu.de\/wp-content\/uploads\/2016\/01\/2009TagdMusik.jpg 567w\" sizes=\"auto, (max-width: 52px) 100vw, 52px\" \/><\/a><strong>13.06.2009 Tag der Musik in Hamburg<\/strong><\/p>\n<p>Hamburger Abendblatt: Vorab-Artikel \u00fcber Maracatu Nation Stern der Elbe<\/p>\n<p>&nbsp;<\/p>\n<p><a href=\"https:\/\/www.maracatu.de\/wp-content\/uploads\/2016\/01\/2009_KDK_Berlin_kl.jpg\" target=\"_blank\" rel=\"noopener\"><img loading=\"lazy\" decoding=\"async\" class=\"alignleft wp-image-672\" src=\"https:\/\/www.maracatu.de\/wp-content\/uploads\/2016\/01\/2009_KDK_Berlin_kl-300x160.jpg\" alt=\"2009_KDK_Berlin_kl\" width=\"150\" height=\"80\" srcset=\"https:\/\/www.maracatu.de\/wp-content\/uploads\/2016\/01\/2009_KDK_Berlin_kl-300x160.jpg 300w, https:\/\/www.maracatu.de\/wp-content\/uploads\/2016\/01\/2009_KDK_Berlin_kl.jpg 992w\" sizes=\"auto, (max-width: 150px) 100vw, 150px\" \/><\/a><strong>31.05.2009 Karneval der Kulturen in Berlin<\/strong><\/p>\n<p>Schneverdinger Zeitung: &#8222;Samba, Salsa und jede Menge Kamelle&#8230;&#8220;<\/p>\n<p>&nbsp;<\/p>\n<p><strong><a title=\"15 Jahre Maracatu\" href=\"https:\/\/www.maracatu.de\/?page_id=696\"><img loading=\"lazy\" decoding=\"async\" class=\"alignleft wp-image-694\" src=\"https:\/\/www.maracatu.de\/wp-content\/uploads\/2016\/01\/maracatu-Michelwiese2-370-200x300.jpg\" alt=\"maracatu-Michelwiese2-370\" width=\"67\" height=\"100\" srcset=\"https:\/\/www.maracatu.de\/wp-content\/uploads\/2016\/01\/maracatu-Michelwiese2-370-200x300.jpg 200w, https:\/\/www.maracatu.de\/wp-content\/uploads\/2016\/01\/maracatu-Michelwiese2-370.jpg 378w\" sizes=\"auto, (max-width: 67px) 100vw, 67px\" \/><\/a>12.07.2008&nbsp;&nbsp;&nbsp; 15 Jahre Maracatu Nation Stern der Elbe und Kr\u00f6nung unseres neuen K\u00f6nigs \u201eDom Lothar I\u201c<\/strong><\/p>\n<p>Tonart: \u201eDer K\u00f6nig ist gekr\u00f6nt, es lebe der K\u00f6nig!\u201c<\/p>\n<p>&nbsp;<\/p>\n<p><a href=\"https:\/\/www.maracatu.de\/wp-content\/uploads\/2016\/01\/2007_0620Altonale.jpg\" target=\"_blank\" rel=\"noopener\"><img loading=\"lazy\" decoding=\"async\" class=\"alignleft wp-image-671\" src=\"https:\/\/www.maracatu.de\/wp-content\/uploads\/2016\/01\/2007_0620Altonale-300x201.jpg\" alt=\"2007_0620Altonale\" width=\"150\" height=\"100\" srcset=\"https:\/\/www.maracatu.de\/wp-content\/uploads\/2016\/01\/2007_0620Altonale-300x201.jpg 300w, https:\/\/www.maracatu.de\/wp-content\/uploads\/2016\/01\/2007_0620Altonale.jpg 709w\" sizes=\"auto, (max-width: 150px) 100vw, 150px\" \/><\/a><strong>17.06.2007 &#8211; 9. Altonale Spa\u00dfparade in Hamburg<\/strong><\/p>\n<p>&#8222;Gelungener Abchluss: 50.000 Besucher kamen zur Altonale&#8230;&#8220;<\/p>\n<p>&nbsp;<\/p>\n<p><a href=\"https:\/\/www.maracatu.de\/wp-content\/uploads\/2016\/01\/2005Schenefeld_TagdM.jpg\" target=\"_blank\" rel=\"noopener\"><img loading=\"lazy\" decoding=\"async\" class=\"alignleft wp-image-670\" src=\"https:\/\/www.maracatu.de\/wp-content\/uploads\/2016\/01\/2005Schenefeld_TagdM-262x300.jpg\" alt=\"2005Schenefeld_TagdM\" width=\"87\" height=\"100\" srcset=\"https:\/\/www.maracatu.de\/wp-content\/uploads\/2016\/01\/2005Schenefeld_TagdM-262x300.jpg 262w, https:\/\/www.maracatu.de\/wp-content\/uploads\/2016\/01\/2005Schenefeld_TagdM-893x1024.jpg 893w, https:\/\/www.maracatu.de\/wp-content\/uploads\/2016\/01\/2005Schenefeld_TagdM.jpg 992w\" sizes=\"auto, (max-width: 87px) 100vw, 87px\" \/><\/a><strong>Juni 2005 &#8211; Die K\u00f6nigin tr\u00e4gt die Spiritualit\u00e4t<\/strong><\/p>\n<p>Hamburger Abendblatt: &#8222;Pr\u00e4chtige Kost\u00fcme, afro-brasilianische Rhythmen&#8230;&#8220;<\/p>\n<p>&nbsp;<\/p>\n<p><a href=\"https:\/\/www.maracatu.de\/wp-content\/uploads\/2016\/01\/2005_11DulsbergerHerbstLESE1.jpg\" target=\"_blank\" rel=\"noopener\"><img loading=\"lazy\" decoding=\"async\" class=\"alignleft wp-image-669\" src=\"https:\/\/www.maracatu.de\/wp-content\/uploads\/2016\/01\/2005_11DulsbergerHerbstLESE1-179x300.jpg\" alt=\"2005_11DulsbergerHerbstLESE1\" width=\"60\" height=\"100\" srcset=\"https:\/\/www.maracatu.de\/wp-content\/uploads\/2016\/01\/2005_11DulsbergerHerbstLESE1-179x300.jpg 179w, https:\/\/www.maracatu.de\/wp-content\/uploads\/2016\/01\/2005_11DulsbergerHerbstLESE1.jpg 567w\" sizes=\"auto, (max-width: 60px) 100vw, 60px\" \/><\/a><strong>November 2005 HerbstLESE in Duslberg<\/strong><\/p>\n<p>&#8222;Dulsberg macht Kultur &#8211; Kultur macht Dulsberg&#8230;&#8220;<\/p>\n<p>&nbsp;<\/p>\n<p><a href=\"https:\/\/www.maracatu.de\/wp-content\/uploads\/2016\/01\/2003KDKHH.jpg\" target=\"_blank\" rel=\"noopener\"><img loading=\"lazy\" decoding=\"async\" class=\"alignleft wp-image-668\" src=\"https:\/\/www.maracatu.de\/wp-content\/uploads\/2016\/01\/2003KDKHH-265x300.jpg\" alt=\"2003KDKHH\" width=\"88\" height=\"100\" srcset=\"https:\/\/www.maracatu.de\/wp-content\/uploads\/2016\/01\/2003KDKHH-265x300.jpg 265w, https:\/\/www.maracatu.de\/wp-content\/uploads\/2016\/01\/2003KDKHH.jpg 567w\" sizes=\"auto, (max-width: 88px) 100vw, 88px\" \/><\/a><strong>November 2003 Festival der Kulturen in Hamburg<\/strong><\/p>\n<p>&#8222;Ein Karneval, der kleine und gro\u00dfe Zuschauer verzauberte&#8230;&#8220;<\/p>\n<p>&nbsp;<\/p>\n<p><a href=\"https:\/\/www.maracatu.de\/wp-content\/uploads\/2016\/01\/2001BrasilienTonart.pdf\" target=\"_blank\" rel=\"noopener\"><img loading=\"lazy\" decoding=\"async\" class=\"alignleft wp-image-702\" src=\"https:\/\/www.maracatu.de\/wp-content\/uploads\/2016\/01\/2001BrasilienTonart-207x300.jpg\" alt=\"2001BrasilienTonart\" width=\"69\" height=\"100\" srcset=\"https:\/\/www.maracatu.de\/wp-content\/uploads\/2016\/01\/2001BrasilienTonart-207x300.jpg 207w, https:\/\/www.maracatu.de\/wp-content\/uploads\/2016\/01\/2001BrasilienTonart-705x1024.jpg 705w, https:\/\/www.maracatu.de\/wp-content\/uploads\/2016\/01\/2001BrasilienTonart.jpg 709w\" sizes=\"auto, (max-width: 69px) 100vw, 69px\" \/><\/a><strong>Oktober 2001 Die erste Reise nach Brasilien<\/strong><\/p>\n<p>Tonart:&nbsp; &#8222;Brasilien &#8211; wir kommen!&#8220;<\/p>\n<p>&nbsp;<\/p>\n<p><a href=\"https:\/\/www.maracatu.de\/wp-content\/uploads\/2016\/01\/2000expo.jpg\" target=\"_blank\" rel=\"noopener\"><img loading=\"lazy\" decoding=\"async\" class=\"alignleft wp-image-666\" src=\"https:\/\/www.maracatu.de\/wp-content\/uploads\/2016\/01\/2000expo-297x300.jpg\" alt=\"2000expo\" width=\"99\" height=\"100\" srcset=\"https:\/\/www.maracatu.de\/wp-content\/uploads\/2016\/01\/2000expo-297x300.jpg 297w, https:\/\/www.maracatu.de\/wp-content\/uploads\/2016\/01\/2000expo-150x150.jpg 150w, https:\/\/www.maracatu.de\/wp-content\/uploads\/2016\/01\/2000expo.jpg 567w\" sizes=\"auto, (max-width: 99px) 100vw, 99px\" \/><\/a><strong>Expo 2000 in Hannover<\/strong><\/p>\n<p>&#8222;Die Maracatu-Gruppe Nation Stern der Elbe auf der Expo&#8230;&#8220;<\/p>\n<p>&nbsp;<\/p>\n<p><a href=\"https:\/\/www.maracatu.de\/wp-content\/uploads\/2016\/01\/1999_03JULWMPowerboote.jpg\" target=\"_blank\" rel=\"noopener\"><img loading=\"lazy\" decoding=\"async\" class=\"alignleft wp-image-665\" src=\"https:\/\/www.maracatu.de\/wp-content\/uploads\/2016\/01\/1999_03JULWMPowerboote-174x300.jpg\" alt=\"1999_03JULWMPowerboote\" width=\"58\" height=\"100\" srcset=\"https:\/\/www.maracatu.de\/wp-content\/uploads\/2016\/01\/1999_03JULWMPowerboote-174x300.jpg 174w, https:\/\/www.maracatu.de\/wp-content\/uploads\/2016\/01\/1999_03JULWMPowerboote-595x1024.jpg 595w, https:\/\/www.maracatu.de\/wp-content\/uploads\/2016\/01\/1999_03JULWMPowerboote.jpg 628w\" sizes=\"auto, (max-width: 58px) 100vw, 58px\" \/><\/a><strong>03.07.1999 WM Powerboote in Kiel<\/strong><\/p>\n<p>&#8222;Exotische Sch\u00f6nheiten, harte M\u00e4nner und schnelle Boote&#8230;&#8220;<\/p>\n","protected":false},"excerpt":{"rendered":"<p>&#8230;.zum St\u00f6bern und Weiterlesen einfach auf die Bildchen klicken&#8230; &nbsp; 22.04.2023 &#8211; Bremer Karneval Hamburger Abendblatt: &#8222;Samba-Karneval l\u00e4sst Ostertor-Viertel staunen&#8220; &nbsp; &nbsp; 02.06.2012 Fest der Nationen &#8211; 18 Jahre Lionsclub in Wahlstedt Segeberger Zeitung: &#8222;Viel Exotik beim 17. Fest der Nationen in Wahlstedt&#8230;&#8220; &nbsp; August 2011 &#8211; 6. Samba Festival Bad Wildungen &#8222;Rhythmus und Lebensfreude&#8230;&#8220; &hellip; <a href=\"https:\/\/www.maracatu.de\/?page_id=497\" class=\"more-link\"><span class=\"screen-reader-text\">Presse<\/span> weiterlesen <span class=\"meta-nav\">&rarr;<\/span><\/a><\/p>\n","protected":false},"author":1,"featured_media":0,"parent":0,"menu_order":0,"comment_status":"closed","ping_status":"closed","template":"","meta":{"ngg_post_thumbnail":0,"footnotes":""},"class_list":["post-497","page","type-page","status-publish","hentry"],"_links":{"self":[{"href":"https:\/\/www.maracatu.de\/index.php?rest_route=\/wp\/v2\/pages\/497","targetHints":{"allow":["GET"]}}],"collection":[{"href":"https:\/\/www.maracatu.de\/index.php?rest_route=\/wp\/v2\/pages"}],"about":[{"href":"https:\/\/www.maracatu.de\/index.php?rest_route=\/wp\/v2\/types\/page"}],"author":[{"embeddable":true,"href":"https:\/\/www.maracatu.de\/index.php?rest_route=\/wp\/v2\/users\/1"}],"replies":[{"embeddable":true,"href":"https:\/\/www.maracatu.de\/index.php?rest_route=%2Fwp%2Fv2%2Fcomments&post=497"}],"version-history":[{"count":32,"href":"https:\/\/www.maracatu.de\/index.php?rest_route=\/wp\/v2\/pages\/497\/revisions"}],"predecessor-version":[{"id":7496,"href":"https:\/\/www.maracatu.de\/index.php?rest_route=\/wp\/v2\/pages\/497\/revisions\/7496"}],"wp:attachment":[{"href":"https:\/\/www.maracatu.de\/index.php?rest_route=%2Fwp%2Fv2%2Fmedia&parent=497"}],"curies":[{"name":"wp","href":"https:\/\/api.w.org\/{rel}","templated":true}]}}